{"id":1295,"date":"2023-04-09T23:18:26","date_gmt":"2023-04-09T21:18:26","guid":{"rendered":"https:\/\/lacompagniedesbutineuses.com\/?post_type=product&#038;p=1295"},"modified":"2026-04-09T16:00:56","modified_gmt":"2026-04-09T14:00:56","slug":"melange-miel-et-noisettes","status":"publish","type":"product","link":"https:\/\/lacompagniedesbutineuses.com\/index.php\/produit\/melange-miel-et-noisettes\/","title":{"rendered":"M\u00e9lange miel et noisettes BIO"},"content":{"rendered":"<p>M\u00e9lange de miel et de noisettes. Tout aussi gourmande qu&rsquo;une p\u00e2te \u00e0 tartiner traditionnelle elle a toutefois le gros avantage de ne contenir que 2 ingr\u00e9dients !<br \/>\nFabrication maison, elle contient 40% de noisettes.<br \/>\nLors de la fabrication le miel n&rsquo;est pas chauff\u00e9, nous utilisons un miel r\u00e9cent issu de la derni\u00e8re r\u00e9colte, pour cette fabrication nous avons utilis\u00e9 notre miel de garrigue. Les noisettes sont torr\u00e9fi\u00e9es afin quelle lib\u00e8rent un maximum d&rsquo;ar\u00f4me.<\/p>\n<p>Ingr\u00e9dients : Miel bio, <strong>noisettes<\/strong> bio 40%.<br \/>\nPoids Net : 225g et 415g<\/p>\n","protected":false},"excerpt":{"rendered":"<p>M\u00e9lange de miel et de noisettes. Tout aussi gourmande qu&rsquo;une p\u00e2te \u00e0 tartiner traditionnelle elle a toutefois le gros avantage de ne contenir que 2 ingr\u00e9dients ! Fabrication maison, elle contient 40% de noisettes. Lors de la fabrication le miel n&rsquo;est pas chauff\u00e9, nous utilisons un miel r\u00e9cent issu de la derni\u00e8re r\u00e9colte, pour cette <a href=\"https:\/\/lacompagniedesbutineuses.com\/index.php\/produit\/melange-miel-et-noisettes\/\" class=\"read-more inline\">Read More<\/a><\/p>\n","protected":false},"featured_media":1555,"comment_status":"open","ping_status":"closed","template":"","meta":{"_glsr_average":0,"_glsr_ranking":0,"_glsr_reviews":0},"product_brand":[],"product_cat":[15],"product_tag":[],"class_list":{"0":"post-1295","1":"product","2":"type-product","3":"status-publish","4":"has-post-thumbnail","6":"product_cat-miel","8":"first","9":"instock","10":"taxable","11":"shipping-taxable","12":"purchasable","13":"product-type-variable","14":"has-default-attributes"},"_links":{"self":[{"href":"https:\/\/lacompagniedesbutineuses.com\/index.php\/wp-json\/wp\/v2\/product\/1295","targetHints":{"allow":["GET"]}}],"collection":[{"href":"https:\/\/lacompagniedesbutineuses.com\/index.php\/wp-json\/wp\/v2\/product"}],"about":[{"href":"https:\/\/lacompagniedesbutineuses.com\/index.php\/wp-json\/wp\/v2\/types\/product"}],"replies":[{"embeddable":true,"href":"https:\/\/lacompagniedesbutineuses.com\/index.php\/wp-json\/wp\/v2\/comments?post=1295"}],"wp:featuredmedia":[{"embeddable":true,"href":"https:\/\/lacompagniedesbutineuses.com\/index.php\/wp-json\/wp\/v2\/media\/1555"}],"wp:attachment":[{"href":"https:\/\/lacompagniedesbutineuses.com\/index.php\/wp-json\/wp\/v2\/media?parent=1295"}],"wp:term":[{"taxonomy":"product_brand","embeddable":true,"href":"https:\/\/lacompagniedesbutineuses.com\/index.php\/wp-json\/wp\/v2\/product_brand?post=1295"},{"taxonomy":"product_cat","embeddable":true,"href":"https:\/\/lacompagniedesbutineuses.com\/index.php\/wp-json\/wp\/v2\/product_cat?post=1295"},{"taxonomy":"product_tag","embeddable":true,"href":"https:\/\/lacompagniedesbutineuses.com\/index.php\/wp-json\/wp\/v2\/product_tag?post=1295"}],"curies":[{"name":"wp","href":"https:\/\/api.w.org\/{rel}","templated":true}]}}